ainder when 77919053 is divided by 1228.
1225
Calculate the remainder when 775578 is divided by 2351.
2099
Calculate the remainder when 85432 is divided by 2945.
27
Calculate the remainder when 81137 is divided by 40462.
213
Calculate the remainder when 13331036 is divided by 6665517.
2
What is the remainder when 3241430 is divided by 21?
17
What is the remainder when 116545585 is divided by 315?
310
What is the remainder when 6463233 is divided by 37?
36
Calculate the remainder when 13319 is divided by 917.
481
Calculate the remainder when 463502 is divided by 3484.
130
What is the remainder when 13939244 is divided by 1192?
1188
Calculate the remainder when 3322 is divided by 1721.
1601
What is the remainder when 949076 is divided by 43134?
128
Calculate the remainder when 401052 is divided by 18193.
806
What is the remainder when 2729097 is divided by 3?
0
What is the remainder when 617267 is divided by 68?
31
What is the remainder when 526497 is divided by 12237?
306
What is the remainder when 4281944 is divided by 823?
698
Calculate the remainder when 33192167 is divided by 55.
52
What is the remainder when 3508043 is divided by 190?
73
What is the remainder when 1612215 is divided by 2072?
199
What is the remainder when 14150813 is divided by 16512?
29
Calculate the remainder when 11123711 is divided by 144.
143
Calculate the remainder when 30169038 is divided by 44.
42
Calculate the remainder when 9496256 is divided by 45.
41
What is the remainder when 74355606 is divided by 3?
0
Calculate the remainder when 453603 is divided by 232.
43
Calculate the remainder when 45096616 is divided by 9243.
19
What is the remainder when 160333 is divided by 22904?
5
What is the remainder when 7031981 is divided by 502284?
5
What is the remainder when 394703 is divided by 3866?
371
Calculate the remainder when 5889296 is divided by 21.
14
Calculate the remainder when 23356595 is divided by 235925.
20
What is the remainder when 102277 is divided by 1372?
749
Calculate the remainder when 923738 is divided by 66.
2
What is the remainder when 853597 is divided by 393?
1
What is the remainder when 409032 is divided by 1449?
414
Calculate the remainder when 160565833 is divided by 150.
133
What is the remainder when 1755513 is divided by 1755508?
5
Calculate the remainder when 1021602 is divided by 706.
20
What is the remainder when 10552478 is divided by 5276226?
26
Calculate the remainder when 88185100 is divided by 12.
4
Calculate the remainder when 388475952 is divided by 795.
792
What is the remainder when 2504103 is divided by 46?
1
What is the remainder when 16409709 is divided by 4486?
4407
Calculate the remainder when 359261 is divided by 426.
143
Calculate the remainder when 116951 is divided by 1690.
341
What is the remainder when 1097647 is divided by 156789?
124
Calculate the remainder when 869187 is divided by 257.
13
What is the remainder when 80170482 is divided by 2672349?
12
What is the remainder when 645477 is divided by 3688?
77
Calculate the remainder when 987105 is divided by 246709.
269
Calculate the remainder when 47882345 is divided by 19417.
23
Calculate the remainder when 185164 is divided by 8022.
658
What is the remainder when 602242 is divided by 1284?
46
What is the remainder when 2421232 is divided by 36?
16
What is the remainder when 134153 is divided by 901?
805
What is the remainder when 3828178 is divided by 1917?
1846
Calculate the remainder when 680030805 is divided by 8.
5
What is the remainder when 3507689 is divided by 11315?
39
Calculate the remainder when 4181023 is divided by 298644.
7
What is the remainder when 11605100 is divided by 2436?
2432
What is the remainder when 74389 is divided by 73897?
492
What is the remainder when 19044 is divided by 1279?
1138
Calculate the remainder when 24796 is divided by 1536.
220
What is the remainder when 43431998 is divided by 80?
78
Calculate the remainder when 10990392 is divided by 7396.
7332
Calculate the remainder when 68595896 is divided by 17.
12
Calculate the remainder when 1639057 is divided by 2831.
2739
What is the remainder when 17874 is divided by 146?
62
What is the remainder when 105232 is divided by 11467?
2029
Calculate the remainder when 57911025 is divided by 348.
345
What is the remainder when 34913548 is divided by 2433?
2431
Calculate the remainder when 6466321 is divided by 2155435.
16
What is the remainder when 6689 is divided by 2765?
1159
Calculate the remainder when 122865608 is divided by 1552.
1528
What is the remainder when 696692 is divided by 11197?
2478
What is the remainder when 3027490 is divided by 252287?
46
Calculate the remainder when 10117485 is divided by 97.
94
Calculate the remainder when 341705 is divided by 627.
617
What is the remainder when 52957 is divided by 26080?
797
Calculate the remainder when 238695 is divided by 14037.
66
What is the remainder when 5173880 is divided by 278?
22
What is the remainder when 9557221 is divided by 13811?
9
What is the remainder when 6569229 is divided by 2766?
2745
What is the remainder when 58737 is divided by 304?
65
What is the remainder when 41096051 is divided by 248?
219
Calculate the remainder when 164294 is divided by 9898.
5926
Calculate the remainder when 33440 is divided by 32480.
960
What is the remainder when 99371618 is divided by 33123858?
44
What is the remainder when 6373614 is divided by 98?
86
What is the remainder when 296312 is divided by 837?
14
What is the remainder when 1345450 is divided by 672717?
16
What is the remainder when 3370069 is divided by 3951?
3817
Calculate the remainder when 1437168 is divided by 13312.
12784
What is the remainder when 17042921 is divided by 207?
197
Calculate the remainder when 322361 is divided by 107443.
32
What is the remainder when 6370038 is divided by 1203?
153
Calculate the remainder when 415855 is divided by 304.
287
What is the remainder when 1380542 is divided by 418?
306
What is the remainder when 39187649 is divided by 243?
11
Calculate the remainder when 163630 is divided by 27159.
676
What is the remainder when 353335 is divided by 2905?
1830
What is the remainder when 7377035 is divided by 808?
803
Calculate the remainder when 12164955 is divided by 3042.
3039
What is the remainder when 16105754 is divided by 27?
11
Calculate the remainder when 96538550 is divided by 3402.
3398
What is the remainder when 15522 is divided by 4814?
1080
What is the remainder when 3839728 is divided by 225857?
159
What is the remainder when 5781078 is divided by 1156209?
33
What is the remainder when 173338 is divided by 2885?
238
Calculate the remainder when 76097984 is divided by 2319.
2318
Calculate the remainder when 9747103 is divided by 573343.
272
Calculate the remainder when 433523 is divided by 51.
23
Calculate the remainder when 11866568 is divided by 19.
4
Calculate the remainder when 347394 is divided by 616.
586
What is the remainder when 3326890 is divided by 255914?
8
Calculate the remainder when 76144 is divided by 20704.
14032
What is the remainder when 22979 is divided by 1543?
1377
What is the remainder when 653469 is divided by 130198?
2479
Calculate the remainder when 1014989 is divided by 88.
85
Calculate the remainder when 14097522 is divided by 8.
2
What is the remainder when 480089 is divided by 337?
201
Calculate the remainder when 1297412 is divided by 42.
32
Calculate the remainder when 38553342 is divided by 12493.
12437
Calculate the remainder when 1477382 is divided by 86904.
14
What is the remainder when 112958 is divided by 647?
380
What is the remainder when 68683469 is divided by 121?
118
What is the remainder when 11173251 is divided by 291?
15
Calculate the remainder when 830808 is divided by 1157.
82
Calculate the remainder when 16421728 is divided by 5813.
3
What is the remainder when 2067668 is divided by 113?
107
Calculate the remainder when 19186825 is divided by 781.
779
Calculate the remainder when 9878694 is divided by 147.
0
What is the remainder when 6976719 is divided by 3628?
75
Calculate the remainder when 11369930 is divided by 2279.
2278
What is the remainder when 74246 is divided by 2121?
11
Calculate the remainder when 9482 is divided by 4740.
2
What is the remainder when 9879458 is 